git of h?
1
Suppose -2*k - k - 39 = 3*l, k + 4*l + 13 = 0. Let i = k - -24. What is the tens digit of i?
1
Suppose 2*f - 3*l - 32 + 3 = 0, -2*f - l = -17. What is the tens digit of f + 2 + 1/(-1)?
1
Suppose -90 = 4*h - 506. What is the hundreds digit of h?
1
Suppose 2*f = -2*w - 3*w + 15, -2*f - 9 = -3*w. Let d(q) = 12*q**3 + 4*q - 3*q - 24*q**w. What is the units digit of d(-1)?
1
Suppose -2*n - 28 + 104 = w, 0 = -5*w - 2*n + 380. What is the tens digit of w?
7
Let x be ((-12)/(-7))/((-2)/(-35)). Let k = x + -17. What is the tens digit of k?
1
Suppose -c - 4*k + 5 - 1 = 0, -2*k = 3*c + 8. Let f(o) = -o**2 - o. Let z(b) = 5*b**2 - 5. Let p(t) = 6*f(t) + z(t). What is the units digit of p(c)?
3
Let n(p) = p**3 + 5*p**2 + 5. What is the units digit of n(-5)?
5
Let g be (-3)/4 + (-60)/(-16). Let n(s) = s**2 - s + 4. Let u be n(0). Suppose 0 = f - g - u. What is the units digit of f?
7
Suppose 5*w - 73 = o, 61 + 10 = 4*w - 5*o. What is the units digit of w?
4
Suppose -3*q - p = p - 23, 0 = -5*q - p + 50. Suppose -q = -n - 1. What is the tens digit of n?
1
Suppose i - 320 = -3*i. What is the units digit of i?
0
Suppose -5*p + 24 = -2*p. What is the units digit of p?
8
Suppose 0 = 5*q - 7*q + 36. Let f(b) = 2*b**2 + b + 1. Let n be f(-1). Suppose 0 = -4*i - n + q. What is the units digit of i?
4
Let y = 11 + -4. Let x(d) = -d**3 + 8*d**2 - 6*d + 7. What is the tens digit of x(y)?
1
Suppose -2*i - 2*g = -6*g - 26, 5*i + 3*g = 0. Let x(o) be the third derivative of 5*o**4/24 - 2*o**3/3 + 3*o**2. What is the units digit of x(i)?
1
Suppose -3 - 3 = 2*w. Let q = -1 + w. What is the units digit of 3/q - (-60)/16?
3
Let t(n) = n - 4. Let i be t(6). Suppose 5*d - j + 10 - 32 = 0, -10 = 5*j. Suppose d*h + 20 = 2*o + 2*o, 3*o - i*h - 18 = 0. What is the units digit of o?
8
Let c(q) = -8*q**3 - 23*q**2 - 17*q - 15. Let b(g) = 3*g**3 + 8*g**2 + 6*g + 5. Let l(f) = 11*b(f) + 4*c(f). What is the units digit of l(5)?
0
Let y(m) = m**2 - 4*m - 4. Let v(n) = n. Let r(q) = 3*v(q) + y(q). Suppose 5*c = -3*h + 4*h + 2, -3*h + 5*c + 4 = 0. What is the units digit of r(h)?
2
What is the units digit of 1100/15 - 2/6?
3
Let u(z) = 7*z + 4. What is the units digit of u(4)?
2
Let v = -6 + 10. Let n be 2/v + (-4)/8. Suppose 5*o = -4*t + 22, n*o + o - 14 = -4*t. What is the units digit of t?
3
Let h(u) = -u + 4. Let i be h(0). Suppose -8 = v - i*t, -4*v + 4*t + 0*t = -28. What is the tens digit of v?
1
Let a = 5 + 0. Suppose 0 = -a*k + 33 + 32. What is the tens digit of k?
1
Let x(w) = -6*w - 3. What is the units digit of x(-1)?
3
Suppose -5*u + l = -223, 6*u - u - 232 = 4*l. Let o = -23 + u. What is the units digit of o?
1
Suppose -2*g = 3*g - 3*d - 173, g - d = 33. What is the units digit of g?
7
What is the units digit of -84*14/(-4) - -3?
7
Let k = 259 + -177. What is the units digit of k?
2
Let k(f) = 8*f - 1. Let m = 1 + 2. What is the units digit of k(m)?
3
Let f be (-7)/(-14) - 127/(-2). Let m = -39 + f. What is the tens digit of m?
2
Let h(l) = -l + 1. Let d be h(0). Let c = 0 + d. What is the units digit of c?
1
Suppose 2*o = 8, -5*o + 10 = -6*u + u. Let j(p) = u*p + 3 - 2*p**2 + p**3 - 4 - 2. What is the units digit of j(2)?
1
Suppose -115 = -3*q + 2. What is the tens digit of q?
3
Let u be 7 + (-3)/1 + 4. Suppose 3*p + u = 32. What is the units digit of p?
8
Let o(t) be the first derivative of t**2/2 + 2*t - 1. Let b be o(0). Suppose -5*v + 13 = b*a - 0*v, -5*a + v = -46. What is the units digit of a?
9
Suppose 4*u = 2*u + 200. Suppose -2*w = -6*w + u. What is the tens digit of w?
2
Suppose -3*r - 2*b = -588, -3*r = 2*b + 2*b - 594. What is the tens digit of r?
9
Let x(y) = -y**3 + 7*y**2 + 3. Let o be x(7). Let m = o + 5. What is the units digit of m?
8
Let b(a) = 44*a**2 + 2*a + 3. Let d be b(-1). What is the units digit of (56/(-10))/((-9)/d)?
8
What is the units digit of 4*3/12*25?
5
Let z(r) = -r**3 - 7*r**2 - 7*r - 7. Let x be z(-7). Suppose 6*w = 3*w + x. What is the units digit of w?
4
Let q = 57 - 59. Let h = -2 + 9. What is the units digit of 1*(3 + q)*h?
7
Let x(w) = -w + 23. Let b be x(14). What is the tens digit of (b/(-6))/((-2)/20)?
1
Suppose -5*q + 23 = -3*o, -4*q + 0*o + 2*o = -18. Let w = q + -2. What is the units digit of ((-14)/8)/(w/(-8))?
7
Let f = 21 - 0. What is the units digit of f?
1
Suppose -35*t = -31*t - 320. What is the tens digit of t?
8
Suppose -5*x - 3*w = -49, 4*x - 5 - 24 = w. Let f be (x/2 - 0) + 1. What is the units digit of 5/(f/2)*2?
4
Let x be 8 + 4*-1 + 3. Let y = x - -9. What is the units digit of y?
6
Let x = -58 + 91. What is the tens digit of x?
3
Let w(d) = d**2 + d + 3. Let u be w(0). Suppose -u*b - 41 = -5. What is the units digit of b/10*(-30)/9?
4
Let o(k) = 2*k + 1. What is the units digit of o(3)?
7
Suppose 3*x - 103 = -s, 0*x = -2*s + 3*x + 233. What is the units digit of s?
2
Let w(o) = -11*o + 1. Let g(a) = -17*a + 2. Let q(n) = -5*g(n) + 8*w(n). What is the units digit of q(-6)?
6
Let w = -107 - -207. What is the hundreds digit of w?
1
Let z be 33/(-4) + 6/(-8). Let p be ((-12)/(-10))/(z/(-30)). What is the units digit of ((-4)/(-10))/(p/80)?
8
What is the units digit of 2/(-9) + (-1360)/(-45)?
0
Suppose -4 = -4*y, -14 = -4*v - y - 1. Suppose -v*f = -0*f - 2*n - 112, 3*f - 77 = -5*n. What is the tens digit of f?
3
Suppose 3*f + 2*f = 175. What is the tens digit of f?
3
Let u(f) = f**2 - 2*f - 3. Let a be u(-3). What is the units digit of (0 + a)*2/4?
6
Let f = -380 - -725. What is the units digit of f?
5
Suppose -5*s + 3*z = 6*z - 22, -3*s = 3*z - 18. Suppose -22 = -s*i + 4. Suppose 2*u + j = i, j = -4*j + 5. What is the units digit of u?
6
Let t be (6 - 7)/(2/(-20)). Suppose 0 = x - 0*x - t. What is the tens digit of x?
1
Let p be (-22)/(-5) - 3/(-5). Suppose 0*m = -p*r - 2*m + 95, 5*m = r - 19. Suppose 3*c - r - 17 = 0. What is the tens digit of c?
1
Let t(y) = y + 16. Let r be t(-8). Let p be ((-10)/r)/((-2)/(-16)). Let q(u) = -u + 4. What is the tens digit of q(p)?
1
Let j(i) = -i**2 - 7*i + 3. Let a be j(-7). Suppose 0*m = -a*m - 30. What is the units digit of (-3)/(-15) - 38/m?
4
Let a = 26 - 17. Suppose -4*q = -a - 43. What is the tens digit of q?
1
Suppose -4*n + 75 = 5*q, q = -0*q - 2*n + 21. What is the tens digit of q?
1
Let n(w) = 2*w**2 - 15*w + 18. What is the hundreds digit of n(13)?
1
Suppose 0 = 4*c + 10 - 58. What is the units digit of c?
2
Let n(r) = -r**2 - 12*r + 12. Let u = 1 - 13. What is the tens digit of n(u)?
1
Let h(y) = -y. Let b be 10/(-3)*6/(-2). Let f be b/(-8) + (-1)/(-4). What is the units digit of h(f)?
1
Suppose 0 = -0*v - 3*v - 3*j + 24, 2*j = -10. What is the tens digit of v?
1
Let r = -63 + 123. What is the units digit of r?
0
Suppose -416 = -8*g + 56. What is the units digit of g?
9
Suppose -2*k - 122 = 4*o - 24, 0 = -2*k - o - 83. Let j be k*(-1)/3*1. Let d = j - 9. What is the units digit of d?
4
Let f = -19 - -117. Suppose -a - w = -46, -w = 2*a + 3*w - f. What is the tens digit of a?
4
Suppose 3*g - 8 + 31 = a, 2*a = g + 66. What is the tens digit of a?
3
What is the tens digit of 8 + (-88)/12 - (-218)/6?
3
Suppose 3*y = 4*i - 7, -3*i + 8*i = -10. Let d(w) = -w**3 + 3*w**2 + 4*w. Let z be d(3). Let t = z + y. What is the units digit of t?
7
Let o(g) = 6*g. Let a be o(7). Suppose -q - a = 2*q. What is the units digit of (-102)/q - (-2)/(-7)?
7
What is the tens digit of 3/9 + 70/6?
1
Let v = -15 + 4. Let o = 19 + v. What is the units digit of o?
8
Suppose -3*q + 0 - 9 = 0, q = 5*s - 173. What is the tens digit of s?
3
Suppose -6*c + 1172 = -106. What is the units digit of c?
3
Let j(m) = m**3 - 6*m**2 + m - 1. Suppose -27 = -2*t - 3*s, 4*t = -4*s - 26 + 86. Suppose -2*x - t = -5*x. What is the units digit of j(x)?
5
Let i(b) be the first derivative of -1 - 1/3*b**3 - 5*b - 5*b**2. What is the units digit of i(-9)?
4
Let a = 5 - 11. Let v be a/(-9) - (-38)/(-3). What is the units digit of (-2)/8 - 15/v?
1
Let f(q) = -q**3 - 5*q**2 - 6*q - 1. Suppose -29 = 5*a - 9. Let p be f(a). Let z = -5 + p. What is the units digit of z?
2
Suppose 4*p + 38 - 2 = 0. Let d be 4/8 + (-13)/2. Let m = d - p. What is the units digit of m?
3
What is the units digit of ((-130)/15)/(2/(-9))?
9
Let w(s) = -s. Let f be w(11). Let h(d) = -d**3 - 10*d**2 + 10*d - 1. What is the units digit of